 be 2/(-7) - 148/(-28). Suppose -5*p + 0*p - 12 = -k, 3*p = -h*k + 32. What is the units digit of k?
7
Let h be 1/6 + 34/12. Suppose -2*x - h*v = 2*x - 158, -x - 4*v + 33 = 0. Suppose 4*m + 2 = 2*a, 3*a + 2*m + 6 - x = 0. What is the units digit of a?
9
Let c be 9/3*(-3)/(-9). What is the units digit of 1 + c - (-2 - 39)?
3
Let q(d) = 5*d**2 - 5*d - 4. What is the units digit of q(5)?
6
What is the tens digit of (174 - -11)*4/10?
7
What is the tens digit of 78*2/4 - 3?
3
Suppose 19*z = 15*z + 396. What is the units digit of z?
9
Let l(y) = -y**3 - y**2 - y - 9. Let m be l(0). Let c = m - -12. Suppose -7 = c*f + 5*g, 5*g = 3*g - 10. What is the units digit of f?
6
Let a be (-2)/9 + (-2)/(-9). Let f be -1 + a + -1 + 6. Suppose 8 + 4 = f*q. What is the units digit of q?
3
Suppose -i - 3*i = -8. Let s be i*2 + (-2)/2. Suppose s = 2*k + 1. What is the units digit of k?
1
Suppose -7*m = 5*m - 4356. What is the units digit of m?
3
Suppose -6*p + 4*p + 66 = 0. What is the units digit of p?
3
Suppose -2*g - 13 = -1. Let f be 2/((-8)/g)*12. Let a = f - 11. What is the units digit of a?
7
Let a be (-14)/(-21) + 4/(-6). Let x be 3 - 1 - (-4 - -4). Suppose -5*i = -x*y + 21, 4*y - i - 15 = -a*y. What is the units digit of y?
3
Let l be (-1)/(((-7)/10)/(-7)). What is the units digit of (4/l)/(2/(-10))?
2
Let j(l) = -l + 1. Let r be j(1). Let h(i) = i. Let k(c) = 4*c - 1. Let z(g) = 7*h(g) - 2*k(g). What is the units digit of z(r)?
2
Suppose -22 = 4*c + 6. Let z = c + 8. What is the units digit of z - 1*(0 - 3)?
4
Suppose -6*p + 16 = -2*p. Suppose 3*r - p*d - 46 = d, 5*d + 4 = -3*r. What is the units digit of r?
7
Suppose -31 = -5*h + 9. Let c be ((-54)/h)/(-1)*4. Suppose 4*p - c + 3 = 0. What is the units digit of p?
6
Let o = -7 - -7. Suppose -f + 3 + 0 = o. Suppose -f*u - 40 = -5*u. What is the units digit of u?
0
Suppose -3*t + 2*t = -3*p - 151, 2*p = -3*t + 475. What is the hundreds digit of t?
1
Suppose 85 - 213 = -8*z. What is the tens digit of z?
1
Let b(o) = 0*o - 2*o + o + 8. Let q be b(-7). Suppose t + 2*z - 54 = -4*t, 5*z = -q. What is the units digit of t?
2
Let t = 4 + 0. What is the units digit of (-156)/(-42) - t/(-14)?
4
Suppose -10 + 35 = 5*h. Let z = -6 + h. What is the units digit of z + 0/3 - -3?
2
Suppose -3*r - 3*f = -18, -5*r - f + 0*f + 18 = 0. Suppose 3*d + 9 = -r*y, 4 + 0 = -4*d - 2*y. What is the units digit of (-41)/(-4) - d/4?
0
Suppose 2*d = 3*s + 149, 2*d - 2*s - 75 = 69. What is the tens digit of d?
6
Suppose 4*n + 0*m + 3*m - 1231 = 0, -4*n + 1206 = -2*m. What is the hundreds digit of n?
3
Let l = 59 - 15. Let b = l - 24. What is the tens digit of b?
2
Suppose 344 = 5*v - 246. What is the hundreds digit of v?
1
Let a(i) = i**2 - 10*i + 11. Let n be a(9). Suppose f = -n*f + 15. Suppose -4*k = -5*t - 66, -5*k + f*t + 4 + 76 = 0. What is the units digit of k?
4
Let v(s) = -s. Let h be v(-8). Let c be (-58)/(-8) + (-2)/h. Suppose 5*f - 8 = c. What is the units digit of f?
3
Let g be 191/(-7) - 8/(-28). Let w = g + 133. What is the tens digit of w/5 + 1/(-5)?
2
Suppose 0 = 4*f - 17 + 5. Let l(n) = 4*n - 1. What is the tens digit of l(f)?
1
Let h = 91 + -38. What is the tens digit of h?
5
Suppose -286 + 40 = -3*b. What is the units digit of b?
2
Let s(y) = -2*y + 52. What is the tens digit of s(0)?
5
Let d be (-35 + 3)/(1/(-4)). Suppose 3 = 3*g, 0 = 3*w + g - 5*g - d. What is the units digit of w?
4
Let h = -29 + 128. Suppose -3*l + 0*l = -h. Let x = -14 + l. What is the tens digit of x?
1
Let r(q) = q - 4. Let v be r(3). Let d = v + 5. Suppose 2*o = -2 + d. What is the units digit of o?
1
Let s(b) = 4*b**2 + 8*b - 7. What is the units digit of s(7)?
5
Let s(i) = 1 - 8 + i**2 - i**3 - i**2 - 3*i**2 + 4*i. What is the tens digit of s(-5)?
2
What is the tens digit of -8*((-15)/6 - 1)?
2
Let w be 9/6*(0 - -2). Suppose -c - 9 = -3*c - 3*f, 15 = -w*c + 5*f. Suppose -3 = -b - c. What is the units digit of b?
3
What is the hundreds digit of ((-5)/(-4))/5 - (-2046)/8?
2
Suppose k + 84 = 4*k. Suppose 5*h - t - 16 = 5, -3*h - 4*t = -31. Suppose -b = -h*b + k. What is the units digit of b?
7
Suppose -4*u + 170 = 5*r, u - r + 2*r - 42 = 0. What is the units digit of u?
0
Suppose 2*o + o + 27 = 0. Let f = 1 - o. What is the units digit of f?
0
Suppose 3*g - 19 = -4. Let k = 20 - g. Suppose -5*s = -5*o + 30, -5*o + 4*o = 2*s - k. What is the units digit of o?
9
Suppose d + 15 = x, 5*x = -d + 3*d + 45. Let y be (-92)/(-5) - (-4)/d. What is the units digit of 2/(-18)*-3*y?
6
Let v be (2/2)/2*4. Let y = 14 - 12. Suppose -y*h - v*h = -4. What is the units digit of h?
1
What is the units digit of (-1035)/(-60) - (-1)/(-4)?
7
Let a(q) = q**2 - 4*q. Let k be a(4). Suppose 2*f = k, j - 2*j + 3 = -3*f. What is the units digit of j?
3
Let k(q) = 3*q**2 - 10*q + 3. Let n be k(11). Suppose 4*v - n = -4*o, -5*v + 305 = 3*o - o. What is the units digit of v?
9
Suppose 2*q - 2*k = -14, 3*k - 20 = 2*q - 2*k. Let a(i) = -i**3 - 5*i**2 - 6*i - 1. Let b be a(q). Let u = b - 8. What is the tens digit of u?
2
Suppose -2*k + 30 = -10. Suppose -2*t = 5*c - 27, -5*t - c - k + 76 = 0. What is the tens digit of t?
1
Let n(a) = a**3 - 6*a**2 + 9*a + 3. Let w be n(4). Suppose 5*f = 2*i - 24, 2*i + 4*f + 1 = w. What is the units digit of i?
7
Let o be (-46)/(-10) + (-8)/(-20). Suppose 0 = o*x - 3*r - 24, 2 = -3*r - 7. Let l = x - -2. What is the units digit of l?
5
Suppose -2*v + 5*v = 4*m - 18, -v = 4*m - 10. Suppose m*l - 41 - 67 = 0. What is the tens digit of l?
3
Let b(v) be the second derivative of v**4/12 + v**3/3 - 4*v. Let l be b(-2). Suppose 3*n - 5*k - 35 = l, -n = 3*n + 5*k. What is the units digit of n?
5
Suppose l + 4*l - 15 = 0, -4*u + 541 = 3*l. What is the tens digit of u?
3
Let u(m) = m**2 + 8*m + 32. What is the units digit of u(-8)?
2
Suppose -5*u - 68 = -4*d, 4*u + 5*d + 44 = 6. What is the units digit of ((-2)/4)/(6/u)?
1
Suppose y - 6 + 1 = 0. Suppose -y*j - 1 + 206 = 0. What is the units digit of j?
1
Suppose 0 = -4*z + 12, -2*a - z + 0*z - 877 = 0. What is the tens digit of (-2)/9 + a/(-36)?
1
Suppose 0 = -4*n + c - 15, -7*c + 2*c = -15. Let b(u) = u**2 + 3*u + 3. Let w be b(n). Let q(m) = -m**3 + 3*m**2 - m + 4. What is the units digit of q(w)?
1
Let y = -48 + 73. What is the units digit of y?
5
Let s(g) = g**3 - 10*g**2 - 11*g - 6. Let k be s(12). Suppose 16 = 5*u - 9, -5*c - u = -k. What is the tens digit of c?
2
Let w(s) = -s**2 - 5*s + 2. Let u be w(-6). Let l(v) = v**3 + 6*v**2 + 2*v. Let z be l(u). What is the units digit of ((-1)/2)/((-2)/z)?
6
Suppose -j = -7*j + 396. What is the tens digit of j?
6
Let k(t) = t + 1. Let a be k(-1). Suppose 4*x + a*x = 144. Suppose -x = -5*q + 24. What is the tens digit of q?
1
Suppose -8 = h - 5*h. What is the units digit of 14/(h/(-4)*-4)?
7
Suppose 3*y = y + 24. Suppose y - 33 = -3*b. What is the units digit of b?
7
Suppose 0 = -2*u - 3*u + 25. Suppose 35 = u*i - 0. What is the units digit of i?
7
Let u be (-4 - -2)*1/(-1). Let h = u + 18. What is the tens digit of h?
2
Suppose -3*r + 4*r - 49 = -n, 0 = -5*n - 3*r + 251. What is the tens digit of n?
5
Let t be (4 - 1)*(1 + 0). Suppose -1 = -3*g - 5*p, -t*g + 2*p + 11 = -3*p. What is the units digit of (2/3)/(g/12)?
4
What is the tens digit of 0 + (0 + 565)/5?
1
Let v = 71 + -9. What is the units digit of v?
2
Let d be (-2)/5*-5*-8. Let z = d + 25. What is the units digit of z?
9
Let r(g) = 3*g + 37. What is the tens digit of r(16)?
8
Let r(f) = f**2 - 4*f - 8. Let v be r(-6). Let t = v - 36. What is the tens digit of t?
1
Let r(l) = l**2 + 7*l. Let m be r(-6). Let i = 12 - m. What is the tens digit of i?
1
Let v(z) = -5*z**3 - 4*z**2 - z + 6. What is the units digit of v(-3)?
8
What is the units digit of 0 - -3 - (3 + -21)?
1
Suppose -3*s + 255 - 57 = 0. What is the tens digit of s?
6
Suppose -2*i + 4*w - 12 = 4, 0 = 5*i + 3*w - 25. Suppose 3*a - 4 = -s + i*s, -15 = -3*s. What is the units digit of a?
3
Let a(c) = -c**3 - 10*c**2 + 10*c - 1. Let t be 1*-33*(-6)/(-18). What is the tens digit of a(t)?
1
Let d = -2 - -2. Suppose d = -2*z, -3*s + z + 40 = -11. What is the units digit of s?
7
Suppose 0 = 2*d - 2*n + 6*n - 8, 4*n + 76 = 5*d. Suppose 5*u = -d + 37. Let v = 10 - u. What is the units digit of v?
5
Let g = 2 - -1. Suppose l + 879 = -g*l - 3*q, 